e r(i).
14
Suppose -4*n + t - 46 + 134 = 0, -2*n - t + 44 = 0. Let a = n + -31. Let q(m) = m**2 + 5 + 3 + 3*m - 2*m + 9*m. Determine q(a).
-1
Let f(m) = m**3 + m**2 - 5*m - 2. Suppose -310*r + 652 = -314*r. Let a = r + 160. What is f(a)?
-5
Suppose 0 = -45*v + 44*v + 26. Suppose 19*g - v = 50. Let n(q) = -q**2 + 10*q - 9. What is n(g)?
15
Let q(m) be the first derivative of 1/2*m**2 + 4*m - 45. What is q(-13)?
-9
Let x(m) = 18*m + 2 + 14*m - 41*m + 8*m + 2. Calculate x(8).
-4
Suppose -3*r = -0*r. Let x(k) = 6*k**2 - 10. Let j(n) = 5*n**2 - 11. Let d be 294/63*(-3)/(-2). Let l(y) = d*j(y) - 6*x(y). Give l(r).
-17
Let m(j) = -j**2 + 5*j - 3. Suppose 3*w - x = -52, x - 69 - 19 = 5*w. Let p be w/36 - 7/(-2). Give m(p).
3
Let d(y) = -1 - 10 + 10 - 34*y. Let z be (18 + -19)*(1 + 3 + -5). Give d(z).
-35
Suppose 0 = -4*f - 16, -14*x + 16*x + 4*f - 66 = 0. Let j = 42 - x. Let v(a) = 10*a**3 + a - 1. Calculate v(j).
10
Let j(l) = -3*l - 20. Let f(k) = 4*k + 22. Let x be ((-10)/8)/(((-9)/(-36))/(-1)). Let p(g) = x*j(g) + 4*f(g). Calculate p(5).
-7
Let t(d) = -4*d**3 + 2*d - 1. Let o be 0 - (3 - (2 - 171)). Suppose -3*r - 107 = -x, 0 = 3*r + 3*x - 27 + 138. Let w be (-2)/(-9) + o/r + -4. What is t(w)?
-3
Let c(r) = -9*r - 348. Let v(m) = -4*m - 146. Let i(o) = 8*c(o) - 19*v(o). What is i(3)?
2
Let m(v) = -2*v**2 + 4 + 15*v + 77 + 3*v**2 - 73. Calculate m(-9).
-46
Let v(n) = -2*n - 11. Let t be -3 + -1 + 1/(-1). Let p be v(t). Let l(f) = -5 + 8*f**2 + 19 - 2*f**2 - 13. Give l(p).
7
Suppose y - 26*d = -30*d + 1, -2*y = 3*d - 12. Let f(a) be the first derivative of -a**4/4 + 3*a**3 + a**2/2 + a + 1. What is f(y)?
10
Let x(q) be the first derivative of -q**4/4 - 11*q**3/3 - 27*q**2/2 + 8*q + 6277. Give x(-7).
1
Let a(d) = -d**3 - 2*d**2 + 1. Let k(t) = -8*t**3 - 9*t**2 + t + 6. Let m(i) = -5*a(i) + k(i). Let b(r) = -2*r**2 - 15*r - 8. Let w be b(-7). Calculate m(w).
4
Let k(p) = 6*p**2 - 43*p. Suppose 14*h + 70 = 24*h. Let c be k(h). Let z(j) = 3. Let m(n) = -n + 9. Let g(r) = -3*m(r) + 12*z(r). Determine g(c).
-12
Let o(v) = -v + 5. Suppose -f + 8*f - 14 = 0. Let l be o(f). Let u(g) be the third derivative of -g**6/120 + g**5/20 - g**4/8 + g**3/2 + 2*g**2. Give u(l).
-6
Let z(o) = 54*o - 86*o + 59*o + 15*o - 1 - 6. Calculate z(-3).
-133
Let f be 1/(-2)*(-6)/(-12)*-796. Let x(j) = 1 + 196*j + f*j - 399*j. Suppose 2 = 5*r + 2*u + 26, -4*r - 18 = u. Determine x(r).
17
Let z(x) = -5*x**3 + x**2 + x. Suppose -26*l + 126 - 22 = 0. Suppose 3*k - 3 = 6*k + 4*f, 0 = -4*k + 4*f - l. Determine z(k).
5
Let r(f) be the first derivative of -f**5/20 - f**4/2 + f**3/2 + 2*f**2 + 56*f - 24. Let u(n) be the first derivative of r(n). Determine u(-6).
-14
Let h(f) = 13*f**3 - 87*f**2 + 181*f - 71. Let d(a) = 6*a**3 - 42*a**2 + 87*a - 36. Let o(y) = -11*d(y) + 5*h(y). Give o(25).
-9
Suppose -3 = 3*n - 0. Let l(q) be the third derivative of 1/24*q**4 + 11/120*q**6 - 1/60*q**5 + 0 + 0*q + 1/6*q**3 + 37*q**2. Calculate l(n).
-12
Let x(v) be the third derivative of v**4/24 - 19*v**3/6 + 8*v**2. Suppose 0*j + j = -5*c + 23, 5*j + 2*c = 0. Let z = j - -2. Calculate x(z).
-19
Let q be (-114)/24 + 10 - 5. Let f(m) be the first derivative of 1/2*m**2 + q*m**4 + 4*m + 19 - 8/3*m**3. What is f(8)?
12
Let o be (3/(-6))/(3/(-144)). Suppose y = -2*y - o. Let f(n) = 29*n + 11. Let h(a) = -159*a - 53. Let u(p) = 11*f(p) + 2*h(p). Give u(y).
7
Let s(l) = 14*l**3 - 2*l**2 - 4*l - 3. Suppose -4*r = 156*r + 160. Calculate s(r).
-15
Let z(o) be the second derivative of -o**5/20 - o**4/3 + 25*o**3/6 + 9*o**2 + 2*o + 310. Determine z(-7).
-10
Let c = -136 + 140. Let h(v) = -5*v + 3. Let u(f) = 5*f - 4. Let i(q) = c*u(q) + 5*h(q). Let y be (-2)/(-3)*(-6 + 3). Determine i(y).
9
Suppose 0 = -y + 24*m - 29*m - 7, -4*m = -y + 11. Let b(w) = w - 3*w**2 + 0*w - 2 - 2*w. What is b(y)?
-32
Suppose 5*m + a = 17, a - 7 = -m - 2. Suppose 30*y - 14 = 23*y. Let l(r) = y - 1 + 128*r - 63*r - 59*r. Give l(m).
19
Suppose 1 - 51 = -5*n. Let s(v) be the second derivative of v**4/24 - 5*v**3/3 - 189*v**2 - 9*v - 2. Let d(b) be the first derivative of s(b). What is d(n)?
0
Let f(j) = 0 + j + 3067*j**3 - 3068*j**3 - 6 - 5*j**2. Calculate f(-5).
-11
Suppose 2*d + 3 = -4*m - 23, -2*m - 28 = -4*d. Let j be 2/(-4) - 36/m - 11. Let r(i) = -i**3 + 17*i - 2*i**2 + 6 - 15*i - 5*i**2. Calculate r(j).
-8
Let z(t) = 108*t**2 + 11*t - 49. Let f(h) = 39*h**2 + 4*h - 16. Let x(o) = -11*f(o) + 4*z(o). Determine x(3).
7
Let w(k) be the second derivative of k**3 - 71*k**2 + 115*k - 1. Give w(24).
2
Let n(y) = y**2 - 6*y + 6. Let w be (36/(-60))/(1/(-15)). Suppose -3*l + 32 = -5*s, -8*s = 3*l - w*s - 16. Calculate n(l).
-2
Let t(p) = -2*p**3 + 21*p**2 + 10*p + 14. Let w = 60 - 49. Let s be t(w). Let l(a) = 2*a**2 - 5*a**2 + 4*a**2 - s*a**3 + 11*a**3. Give l(-1).
-7
Let p = 155 - 155. Suppose -6*h - 15 + 9 = p. Let c(t) = 7*t**2 - 1. Calculate c(h).
6
Let a(c) = 5*c**3 + 12*c**2 - 5*c + 12. Let u(z) = 6*z**3 + 13*z**2 - 6*z + 14. Let l(h) = -7*a(h) + 6*u(h). Give l(6).
-6
Let l(z) = 4*z + 12. Let h(y) = -2*y - 6. Let p(n) = -5*h(n) - 3*l(n). Suppose -3*o = -12, 21*d - 16*d = -2*o - 12. Calculate p(d).
2
Let d(f) = -17*f**2 + 7 + 10*f - 17*f**2 + 43*f**2 - 13*f**2 - f**3. Give d(-6).
19
Let m(a) be the second derivative of -a**5/20 + 5*a**4/12 - a**3/3 - 9*a**2/2 + a. Let t(k) = -125*k + 2254. Let q be t(18). Calculate m(q).
-1
Let t(h) = -3*h**2 - 24*h + 10*h**2 - 8*h**2 - 21. Let w be 31/(93/(-84)) + 5. Give t(w).
2
Let f(c) = 692*c - 694*c + 41 - 23. Determine f(14).
-10
Let l(a) be the third derivative of 7*a**4/8 + 4*a**3 + 28*a**2 - a - 18. What is l(-2)?
-18
Let l(n) = 22*n - 120. Let x be l(6). Suppose -5*v - 5*u - 15 = 0, x*v - 9*v - 3*u - 15 = 0. Let r(i) = 41*i**3 - i**2 + 1. Determine r(v).
41
Let v(r) = 18*r**2 - 3*r - 5. Suppose -264*f + 63*f - 132*f - 666 = 0. Calculate v(f).
73
Let d(s) = 6. Let o(m) = -m - 2. Suppose -6*k + 18 = -0*k. Let t(w) = k*o(w) + d(w). Let y = -9 + 11. What is t(y)?
-6
Let g(k) = -40*k - 843*k**2 + 28 - 33 + 840*k**2. Determine g(-12).
43
Let x(j) = -2*j**2 - 130539 + 2*j**2 + 130526 - j**2 + 6*j**2 - 5*j - j**3. Calculate x(4).
-17
Let i(t) be the second derivative of -t**4/12 - 2*t**3/3 - 9*t**2/2 - 2*t - 482. Suppose -g - 3 = 4. Calculate i(g).
-30
Let y(l) = -l**2 - 11*l + 5. Let x(f) = f**3 + 39*f**2 - 49*f - 358. Let m be x(-40). Calculate y(m).
-21
Let q(a) = 18*a - 19*a - 22*a + 18 + 24*a. Give q(-27).
-9
Let j(t) = -3*t**2 + 36*t + 37. Let z(i) = 4*i**2 - 42*i - 37. Let x(d) = 5*j(d) + 4*z(d). Calculate x(-9).
10
Let l(j) = -j**3 - 4*j**2 + 2*j + 16. Let h be -2*((-9)/(-2) + 57 + -59). Give l(h).
31
Let g(h) = 4637*h**2 + 4635*h**2 - 1 + 74*h**3 - 3*h - 9274*h**2. What is g(-1)?
-74
Let y(j) = -7*j + 1. Let u be y(-1). Let n(x) be the second derivative of x**3/6 - 2*x**2 + 25642*x. Calculate n(u).
4
Let u(a) be the first derivative of -5*a**2/2 + 9*a - 2238. What is u(12)?
-51
Let d = 26 + -23. Let v(b) = -4*b + 4*b**d - 8*b**3 + 5*b**3 + 2 + 2*b. Let f be v(2). Let x(c) = c**2 - 5*c + 5. Determine x(f).
11
Let n(x) be the first derivative of -x**4/4 + 17*x**2/2 - 2*x + 2054. Determine n(4).
2
Let x(l) = -4*l + 4. Let z be (-1 + 0)*(9/3 + 4). Let i(n) = 3*n - 4. Let o(k) = z*i(k) - 5*x(k). Determine o(4).
4
Let m(c) = 5*c + 4*c + 262 - 4*c - 258 + c**2. Let j(t) = t**3 - 17*t**2 + 11*t - 20. Let d be j(16). Let k be 12/10*(d/8)/5. Give m(k).
-2
Let l(z) = -z**3 - 12*z**2 - 23*z - 28. Let t be l(-10). Let w(v) = 12*v**2 + 6*v**2 - 19*v**t + 10 + 11*v + 3 + 6. What is w(12)?
7
Let h(k) = 908*k - 301*k - 302*k + 104 - 307*k. Determine h(48).
8
Let x be (-10)/25 + (-32)/(-5). Let d(l) = 3*l + l - 2*l + x. Let b be ((135/4)/15)/(3/(-8)). Give d(b).
-6
Let q(c) be the second derivative of 6*c**3 - 4*c**2 + 5508*c. Calculate q(-1).
-44
Let u(p) be the second derivative of -p**5/20 - 2*p**4/3 - 4*p**3/3 - 7*p**2/2 - 498*p + 4. Calculate u(-6).
-31
Let j(v) be the third derivative of -v**5/30 + 2*v**4/3 - 14*v**3/3 + 7*v**2 + 4*v. Calculate j(3).
2
Let l(z) = -z - 7. Let n(y) = -2*y**3 - 2*y**2 - 3*y. Let i be n(-1). Suppose 4*f + 8 = 0, -i*p - 10*f = -14*f + 7. Determine l(p).
-2
Let a(t) = 4*t + 4. Let q be a(-16). Let z be (-8)/(-28) + q/(-35). Suppose -z*n - 4 = -6. Let l(y) = 18*y**3 + y**2 